{"id":5580,"date":"2018-02-08T20:36:15","date_gmt":"2018-02-08T22:36:15","guid":{"rendered":"http:\/\/espacosocialista.org\/portal\/?page_id=5580"},"modified":"2018-04-20T11:35:50","modified_gmt":"2018-04-20T14:35:50","slug":"formacao-basica","status":"publish","type":"page","link":"https:\/\/www.espacosocialista.org\/portal\/formacao-teorica\/formacao-basica\/","title":{"rendered":"Forma\u00e7\u00e3o B\u00e1sica"},"content":{"rendered":"<table width=\"100%\">\n<tbody>\n<tr>\n<td><strong>Texto<\/strong><\/td>\n<td width=\"10%\"><strong>Formato<\/strong><\/td>\n<td width=\"10%\"><strong>Tamanho<\/strong><\/td>\n<\/tr>\n<tr>\n<td><a href=\"http:\/\/espacosocialista.org\/portal\/wp-content\/uploads\/2018\/02\/Forma\u00e7\u00e3o-b\u00e1sica.docx\" target=\"_blank\" rel=\"noopener\">Forma\u00e7\u00e3o b\u00e1sica<\/a><\/td>\n<td style=\"text-align: center;\">docx<\/td>\n<td style=\"text-align: center;\">43.1 KB<\/td>\n<\/tr>\n<\/tbody>\n<\/table>\n<table width=\"100%\">\n<tbody>\n<tr>\n<td><strong>Texto<\/strong><\/td>\n<td width=\"10%\"><strong>Formato<\/strong><\/td>\n<td width=\"10%\"><strong>Tamanho<\/strong><\/td>\n<\/tr>\n<tr>\n<td><a href=\"http:\/\/espacosocialista.org\/portal\/wp-content\/uploads\/2018\/02\/lntrodu\u00e7\u00e3o-ao-estudo-do-m\u00e9todo-de-Marx-Jos\u00e9-Paulo-Netto-2011.pdf\" target=\"_blank\" rel=\"noopener\">lntrodu\u00e7\u00e3o ao estudo do m\u00e9todo de Marx, Jos\u00e9 Paulo Netto, 2011<\/a><\/td>\n<td style=\"text-align: center;\">pdf<\/td>\n<td style=\"text-align: center;\">6,33 MB<\/td>\n<\/tr>\n<\/tbody>\n<\/table>\n<table width=\"100%\">\n<tbody>\n<tr>\n<td><strong>Texto<\/strong><\/td>\n<td width=\"10%\"><strong>Formato<\/strong><\/td>\n<td width=\"10%\"><strong>Tamanho<\/strong><\/td>\n<\/tr>\n<tr>\n<td><a href=\"http:\/\/espacosocialista.org\/portal\/wp-content\/uploads\/2018\/02\/L\u00f3gica-formal-e-dial\u00e9tica-materialista-Ernest-Mandel.pdf\" target=\"_blank\" rel=\"noopener\">L\u00f3gica formal e dial\u00e9tica materialista &#8211; Ernest Mandel<\/a><\/td>\n<td style=\"text-align: center;\">pdf<\/td>\n<td style=\"text-align: center;\">137 KB<\/td>\n<\/tr>\n<\/tbody>\n<\/table>\n<table width=\"100%\">\n<tbody>\n<tr>\n<td><strong>Texto<\/strong><\/td>\n<td width=\"10%\"><strong>Formato<\/strong><\/td>\n<td width=\"10%\"><strong>Tamanho<\/strong><\/td>\n<\/tr>\n<tr>\n<td><a href=\"http:\/\/espacosocialista.org\/portal\/wp-content\/uploads\/2018\/02\/O-que-\u00e9-dial\u00e9tica-Leandro-Konder-2008.pdf\" target=\"_blank\" rel=\"noopener\">O que \u00e9 dial\u00e9tica, Leandro Konder, 2008<\/a><\/td>\n<td style=\"text-align: center;\">pdf<\/td>\n<td style=\"text-align: center;\">1,17 MB<\/td>\n<\/tr>\n<\/tbody>\n<\/table>\n<table width=\"100%\">\n<tbody>\n<tr>\n<td><strong>Texto<\/strong><\/td>\n<td width=\"10%\"><strong>Formato<\/strong><\/td>\n<td width=\"10%\"><strong>Tamanho<\/strong><\/td>\n<\/tr>\n<tr>\n<td><a href=\"http:\/\/espacosocialista.org\/portal\/wp-content\/uploads\/2018\/02\/Processo-de-consci\u00eancia-Mauro-Iasi-1999.pdf\" target=\"_blank\" rel=\"noopener\">Processo de consci\u00eancia, Mauro Iasi, 1999<\/a><\/td>\n<td style=\"text-align: center;\">pdf<\/td>\n<td style=\"text-align: center;\">228 KB<\/td>\n<\/tr>\n<\/tbody>\n<\/table>\n<table width=\"100%\">\n<tbody>\n<tr>\n<td><strong>Texto<\/strong><\/td>\n<td width=\"10%\"><strong>Formato<\/strong><\/td>\n<td width=\"10%\"><strong>Tamanho<\/strong><\/td>\n<\/tr>\n<tr>\n<td><a href=\"http:\/\/espacosocialista.org\/portal\/wp-content\/uploads\/2018\/02\/An\u00e1lise-de-conjuntura-e-caracteriza\u00e7\u00e3o.pdf\" target=\"_blank\" rel=\"noopener\">An\u00e1lise de conjuntura e caracteriza\u00e7\u00e3o<\/a><\/td>\n<td style=\"text-align: center;\">pdf<\/td>\n<td style=\"text-align: center;\">981 KB<\/td>\n<\/tr>\n<\/tbody>\n<\/table>\n<table width=\"100%\">\n<tbody>\n<tr>\n<td><strong>Texto<\/strong><\/td>\n<td width=\"10%\"><strong>Formato<\/strong><\/td>\n<td width=\"10%\"><strong>Tamanho<\/strong><\/td>\n<\/tr>\n<tr>\n<td><a href=\"http:\/\/espacosocialista.org\/portal\/wp-content\/uploads\/2018\/02\/Conceitos-para-contribuir-com-a\u00e7\u00e3o-politica.pdf\" target=\"_blank\" rel=\"noopener\">Conceitos para contribuir com a\u00e7\u00e3o politica<\/a><\/td>\n<td style=\"text-align: center;\">pdf<\/td>\n<td style=\"text-align: center;\">398 KB<\/td>\n<\/tr>\n<\/tbody>\n<\/table>\n<table width=\"100%\">\n<tbody>\n<tr>\n<td><strong>Texto<\/strong><\/td>\n<td width=\"10%\"><strong>Formato<\/strong><\/td>\n<td width=\"10%\"><strong>Tamanho<\/strong><\/td>\n<\/tr>\n<tr>\n<td><a href=\"http:\/\/espacosocialista.org\/portal\/wp-content\/uploads\/2018\/02\/Conceitos-para-contribuir-com-avalia\u00e7\u00e3o-politica.pdf\" target=\"_blank\" rel=\"noopener\">Conceitos para contribuir com avalia\u00e7\u00e3o politica<\/a><\/td>\n<td style=\"text-align: center;\">pdf<\/td>\n<td style=\"text-align: center;\">185 KB<\/td>\n<\/tr>\n<\/tbody>\n<\/table>\n","protected":false},"excerpt":{"rendered":"<p>Texto Formato Tamanho Forma\u00e7\u00e3o b\u00e1sica docx 43.1 KB Texto Formato Tamanho lntrodu\u00e7\u00e3o ao estudo do m\u00e9todo de Marx, Jos\u00e9 Paulo<\/p>\n","protected":false},"author":12,"featured_media":0,"parent":818,"menu_order":0,"comment_status":"closed","ping_status":"closed","template":"","meta":{"footnotes":""},"_links":{"self":[{"href":"https:\/\/www.espacosocialista.org\/portal\/wp-json\/wp\/v2\/pages\/5580"}],"collection":[{"href":"https:\/\/www.espacosocialista.org\/portal\/wp-json\/wp\/v2\/pages"}],"about":[{"href":"https:\/\/www.espacosocialista.org\/portal\/wp-json\/wp\/v2\/types\/page"}],"author":[{"embeddable":true,"href":"https:\/\/www.espacosocialista.org\/portal\/wp-json\/wp\/v2\/users\/12"}],"replies":[{"embeddable":true,"href":"https:\/\/www.espacosocialista.org\/portal\/wp-json\/wp\/v2\/comments?post=5580"}],"version-history":[{"count":5,"href":"https:\/\/www.espacosocialista.org\/portal\/wp-json\/wp\/v2\/pages\/5580\/revisions"}],"predecessor-version":[{"id":5871,"href":"https:\/\/www.espacosocialista.org\/portal\/wp-json\/wp\/v2\/pages\/5580\/revisions\/5871"}],"up":[{"embeddable":true,"href":"https:\/\/www.espacosocialista.org\/portal\/wp-json\/wp\/v2\/pages\/818"}],"wp:attachment":[{"href":"https:\/\/www.espacosocialista.org\/portal\/wp-json\/wp\/v2\/media?parent=5580"}],"curies":[{"name":"wp","href":"https:\/\/api.w.org\/{rel}","templated":true}]}}